1117, 14639
What are the prime factors of 8181551?
7, 31, 37, 1019
What are the prime factors of 1797351512?
2, 11, 19, 1074971
What are the prime factors of 167957355?
3, 5, 43, 260399
What are the prime factors of 1340296439?
17, 31, 2543257
What are the prime factors of 64996572?
2, 3, 73, 74197
What are the prime factors of 956088?
2, 3, 7, 271
List the prime factors of 16514011.
337, 49003
What are the prime factors of 36742316?
2, 13, 23, 31, 991
What are the prime factors of 65134114?
2, 23, 281, 5039
List the prime factors of 2669769502.
2, 67, 163, 122231
List the prime factors of 8533240.
2, 5, 383, 557
What are the prime factors of 673013117?
7, 19, 5060249
What are the prime factors of 22585878?
2, 3, 7, 2213
List the prime factors of 149503363.
149503363
List the prime factors of 40607481.
3, 821, 16487
List the prime factors of 1861967865.
3, 5, 97, 1279703
What are the prime factors of 1077361226?
2, 6547, 82279
What are the prime factors of 44604862?
2, 22302431
What are the prime factors of 7233490871?
17, 643, 661741
What are the prime factors of 2958620654?
2, 11, 10091, 13327
List the prime factors of 6987524181.
3, 11, 211743157
What are the prime factors of 413465482?
2, 151, 463, 2957
What are the prime factors of 15897642?
2, 3, 19, 37, 3769
What are the prime factors of 1150595801?
3041, 378361
List the prime factors of 262832333.
262832333
What are the prime factors of 209003103?
3, 23222567
What are the prime factors of 1473831110?
2, 5, 79, 1865609
List the prime factors of 273808606.
2, 23, 43, 138427
What are the prime factors of 1905410855?
5, 2423, 157277
What are the prime factors of 756531556?
2, 11, 239, 71941
What are the prime factors of 136752607?
17, 8044271
What are the prime factors of 756288387?
3, 1973, 14197
List the prime factors of 44806953.
3, 14935651
List the prime factors of 37491934.
2, 18745967
List the prime factors of 2441015896.
2, 11, 27738817
List the prime factors of 1206780450.
2, 3, 5, 8045203
List the prime factors of 8695792.
2, 7, 77641
What are the prime factors of 93455204?
2, 31, 167, 4513
What are the prime factors of 32909818?
2, 757, 21737
What are the prime factors of 148011533?
1429, 103577
List the prime factors of 284401834.
2, 142200917
List the prime factors of 1560617700.
2, 3, 5, 199, 26141
List the prime factors of 23408913.
3, 11, 71, 97, 103
What are the prime factors of 799060895?
5, 59, 2708681
List the prime factors of 30658728.
2, 3, 563, 2269
What are the prime factors of 78425911?
78425911
What are the prime factors of 622457862?
2, 3, 13, 607, 13147
List the prime factors of 20338221.
3, 1019, 6653
What are the prime factors of 1081362850?
2, 5, 2069, 10453
What are the prime factors of 189173856?
2, 3, 43, 45827
What are the prime factors of 299386905?
3, 5, 19959127
List the prime factors of 18999850.
2, 5, 379997
What are the prime factors of 141873164?
2, 73, 523, 929
What are the prime factors of 86309000?
2, 5, 17, 5077
List the prime factors of 2665037472.
2, 3, 27760807
What are the prime factors of 221031315?
3, 5, 421, 3889
List the prime factors of 267300895.
5, 53460179
List the prime factors of 1858805700.
2, 3, 5, 6196019
What are the prime factors of 1203848640?
2, 3, 5, 43, 9721
What are the prime factors of 24155481?
3, 7, 73, 2251
List the prime factors of 111379006.
2, 55689503
List the prime factors of 3828273966.
2, 3, 11, 19334717
List the prime factors of 5678173259.
11, 47, 3067, 3581
List the prime factors of 102379807.
102379807
List the prime factors of 36222442.
2, 1301, 13921
List the prime factors of 2345004063.
3, 83, 353, 8893
What are the prime factors of 186351147?
3, 20705683
List the prime factors of 27221022.
2, 3, 113, 1487
List the prime factors of 94106501.
23, 4091587
List the prime factors of 47543374.
2, 2053, 11579
What are the prime factors of 70489691?
29, 31, 89, 881
List the prime factors of 57091184.
2, 569, 6271
What are the prime factors of 46638455?
5, 9327691
List the prime factors of 160964329.
229, 571, 1231
What are the prime factors of 550257853?
17, 127, 281, 907
What are the prime factors of 1123444256?
2, 11, 3191603
What are the prime factors of 1894132039?
643, 2945773
List the prime factors of 42138548.
2, 31, 339827
What are the prime factors of 121488399?
3, 1873, 7207
What are the prime factors of 3723710973?
3, 5851, 212141
List the prime factors of 375030418.
2, 7, 179, 21379
List the prime factors of 271549634.
2, 19, 53, 73, 1847
What are the prime factors of 517205622?
2, 3, 86200937
List the prime factors of 70623063.
3, 7, 53381
List the prime factors of 144422640.
2, 3, 5, 200587
What are the prime factors of 5128948248?
2, 3, 89, 991, 2423
List the prime factors of 735869503.
735869503
List the prime factors of 274958269.
274958269
What are the prime factors of 3328802103?
3, 11, 31, 3253961
List the prime factors of 287397527.
47, 281, 463
What are the prime factors of 306498244?
2, 13, 127, 46411
What are the prime factors of 342658329?
3, 13, 1069, 8219
What are the prime factors of 25803215?
5, 5160643
List the prime factors of 69358635.
3, 5, 1541303
List the prime factors of 36412245.
3, 5, 691, 1171
What are the prime factors of 47557352?
2, 5944669
List the prime factors of 59786478.
2, 3, 1107157
What are the prime factors of 922393798?
2, 19, 1571, 15451
What are the prime factors of 855380043?
3, 7, 3643, 3727
What are the prime factors of 1236560708?
2, 71, 227, 19181
What are the prime factors of 1784568543?
3, 4729, 125789
What are the prime factors of 317888287?
17, 18699311
What are the prime factors of 3533437?
1097, 3221
List the prime factors of 229888169.
7, 73, 449879
What are the prime factors of 181209270?
2, 3, 5, 11, 19, 28901
What are the prime factors of 380333653?
7, 54333379
What are the prime factors of 439822890?
2, 3, 5, 13, 167, 2251
What are the prime factors of 96199179?
3, 23, 60617
List the prime factors of 1637156008.
2, 23, 53, 167879
List the prime factors of 3759152971.
7, 537021853
What are the prime factors of 57541736?
2, 7, 17, 60443
What are the prime factors of 225648454?
2, 53, 1277, 1667
List the prime factors of 362161318.
2, 19, 571, 16691
What are the prime factors of 645121721?
1381, 467141
List the prime factors of 182445285.
3, 5, 11, 41, 149, 181
What are the prime factors of 203300986?
2, 7, 14521499
What are the prime factors of 190505634?
2, 3, 11, 487, 5927
List the prime factors of 27212269.
7, 3887467
What are the prime factors of 90707243?
11, 8246113
List the prime factors of 40417801.
37, 1092373
List the prime factors of 71778418.
2, 73, 491633
What are the prime factors of 84163348?
2, 23, 914819
List the prime factors of 708974833.
7, 127, 797497
List the prime factors of 21344605.
5, 17, 151, 1663
List the prime factors of 211778532.
2, 3, 7, 29, 28979
What are the prime factors of 88349786?
2, 7, 59, 106961
What are the prime factors of 33149447?
31, 37, 28901
What are the prime factors of 47332288?
2, 31, 23857
What are the prime factors of 14878594?
2, 7439297
List the prime factors of 2878404305.
5, 7, 43, 433, 631
What are the prime factors of 784383989?
2689, 291701
What are the prime factors of 612227238?
2, 3, 7, 14576839
List the prime factors of 9451346.
2, 4725673
What are the prime factors of 299362420?
2, 5, 7, 457, 4679
List the prime factors of 251374883.
19, 787, 16811
List the prime factors of 8847140.
2, 5, 17, 26021
What are the prime factors of 88077716?
2, 22019429
List the prime factors of 38798418.
2, 3, 19, 340337
What are the prime factors of 418735916?
2, 163, 642233
What are the prime factors of 358776895?
5, 223, 233, 1381
What are the prime factors of 44258522?
2, 7, 11, 287393
What are the prime factors of 131643436?
2, 32910859
What are the prime factors of 7306055154?
2, 3, 47, 8635999
List the prime factors of 1031207351.
4111, 250841
What are the prime factors of 635885779?
635885779
What are the prime factors of 22319130?
2, 3, 5, 17, 107, 409
List the prime factors of 535286744.
2, 211, 233, 1361
List the prime factors of 460479474.
2, 3, 7, 13, 73, 3851
List the prime factors of 207543845.
5, 41, 229, 4421
What are the prime factors of 35237142?
2, 3, 31, 63149
What are the p